at is the remainder when 1933 is divided by 81?
70
What is the remainder when 2683 is divided by 444?
19
Calculate the remainder when 7478 is divided by 88.
86
What is the remainder when 334 is divided by 84?
82
Calculate the remainder when 1981 is divided by 16.
13
What is the remainder when 609 is divided by 42?
21
What is the remainder when 454 is divided by 22?
14
Calculate the remainder when 2296 is divided by 1139.
18
Calculate the remainder when 525 is divided by 6.
3
Calculate the remainder when 781 is divided by 49.
46
Calculate the remainder when 2205 is divided by 12.
9
What is the remainder when 489 is divided by 294?
195
Calculate the remainder when 157 is divided by 27.
22
What is the remainder when 132 is divided by 75?
57
Calculate the remainder when 952 is divided by 35.
7
Calculate the remainder when 660 is divided by 275.
110
Calculate the remainder when 1254 is divided by 252.
246
What is the remainder when 61 is divided by 31?
30
Calculate the remainder when 8108 is divided by 17.
16
What is the remainder when 2661 is divided by 437?
39
Calculate the remainder when 257 is divided by 52.
49
What is the remainder when 48 is divided by 9?
3
What is the remainder when 15778 is divided by 31?
30
What is the remainder when 1131 is divided by 277?
23
What is the remainder when 496 is divided by 77?
34
Calculate the remainder when 441 is divided by 50.
41
What is the remainder when 1084 is divided by 1076?
8
Calculate the remainder when 1417 is divided by 11.
9
What is the remainder when 1636 is divided by 26?
24
Calculate the remainder when 1186 is divided by 11.
9
What is the remainder when 1184 is divided by 34?
28
What is the remainder when 1193 is divided by 120?
113
What is the remainder when 366 is divided by 43?
22
Calculate the remainder when 147 is divided by 30.
27
Calculate the remainder when 576 is divided by 271.
34
What is the remainder when 1158 is divided by 58?
56
Calculate the remainder when 94 is divided by 18.
4
What is the remainder when 120 is divided by 42?
36
Calculate the remainder when 56 is divided by 20.
16
What is the remainder when 73 is divided by 31?
11
What is the remainder when 5120 is divided by 1705?
5
Calculate the remainder when 1285 is divided by 31.
14
Calculate the remainder when 2084 is divided by 36.
32
Calculate the remainder when 285 is divided by 144.
141
Calculate the remainder when 434 is divided by 29.
28
What is the remainder when 9802 is divided by 185?
182
Calculate the remainder when 119 is divided by 56.
7
Calculate the remainder when 311 is divided by 8.
7
What is the remainder when 16 is divided by 13?
3
Calculate the remainder when 587 is divided by 193.
8
What is the remainder when 137 is divided by 19?
4
What is the remainder when 1213 is divided by 38?
35
Calculate the remainder when 59 is divided by 24.
11
Calculate the remainder when 1006 is divided by 19.
18
Calculate the remainder when 1523 is divided by 424.
251
Calculate the remainder when 673 is divided by 351.
322
What is the remainder when 219 is divided by 58?
45
Calculate the remainder when 422 is divided by 199.
24
What is the remainder when 79 is divided by 35?
9
What is the remainder when 5843 is divided by 65?
58
What is the remainder when 889 is divided by 16?
9
What is the remainder when 4345 is divided by 721?
19
Calculate the remainder when 1011 is divided by 13.
10
What is the remainder when 3987 is divided by 85?
77
What is the remainder when 1998 is divided by 498?
6
Calculate the remainder when 241 is divided by 27.
25
What is the remainder when 74333 is divided by 92?
89
Calculate the remainder when 165 is divided by 4.
1
Calculate the remainder when 57 is divided by 21.
15
Calculate the remainder when 1879 is divided by 51.
43
What is the remainder when 100 is divided by 35?
30
Calculate the remainder when 84 is divided by 23.
15
Calculate the remainder when 706 is divided by 679.
27
Calculate the remainder when 1334 is divided by 195.
164
Calculate the remainder when 17819 is divided by 20.
19
Calculate the remainder when 41 is divided by 21.
20
Calculate the remainder when 20443 is divided by 15.
13
Calculate the remainder when 558 is divided by 43.
42
Calculate the remainder when 922 is divided by 7.
5
Calculate the remainder when 62 is divided by 7.
6
What is the remainder when 5208 is divided by 649?
16
Calculate the remainder when 3173 is divided by 14.
9
What is the remainder when 488 is divided by 215?
58
What is the remainder when 339 is divided by 22?
9
Calculate the remainder when 92 is divided by 81.
11
What is the remainder when 822 is divided by 270?
12
Calculate the remainder when 607 is divided by 29.
27
Calculate the remainder when 19 is divided by 8.
3
What is the remainder when 49 is divided by 28?
21
Calculate the remainder when 13257 is divided by 34.
31
What is the remainder when 379 is divided by 11?
5
What is the remainder when 2555 is divided by 71?
70
What is the remainder when 20 is divided by 14?
6
Calculate the remainder when 128 is divided by 62.
4
What is the remainder when 818 is divided by 10?
8
Calculate the remainder when 65 is divided by 22.
21
What is the remainder when 10 is divided by 7?
3
Calculate the remainder when 137 is divided by 29.
21
What is the remainder when 157 is divided by 36?
13
What is the remainder when 149 is divided by 46?
11
Calculate the remainder when 118 is divided by 1.
0
What is the remainder when 199 is divided by 29?
25
What is the remainder when 13 is divided by 6?
1
What is the remainder when 100 is divided by 27?
19
What is the remainder when 33 is divided by 5?
3
Calculate the remainder when 95 is divided by 44.
7
What is the remainder when 51 is divided by 9?
6
What is the remainder when 3563 is divided by 115?
113
Calculate the remainder when 452 is divided by 17.
10
What is the remainder when 44 is divided by 2?
0
Calculate the remainder when 7937 is divided by 19.
14
Calculate the remainder when 6838 is divided by 57.
55
What is the remainder when 196 is divided by 56?
28
What is the remainder when 79 is divided by 42?
37
Calculate the remainder when 31 is divided by 5.
1
Calculate the remainder when 125 is divided by 8.
5
Calculate the remainder when 134 is divided by 17.
15
Calculate the remainder when 55 is divided by 14.
13
Calculate the remainder when 4875 is divided by 10.
5
Calculate the remainder when 129 is divided by 107.
22
What is the remainder when 97 is divided by 30?
7
Calculate the remainder when 83 is divided by 43.
40
What is the remainder when 2395 is divided by 1190?
15
What is the remainder when 223 is divided by 37?
1
What is the remainder when 31 is divided by 21?
10
What is the remainder when 88 is divided by 34?
20
What is the remainder when 324 is divided by 173?
151
Calculate the remainder when 2986 is divided by 130.
126
Calculate the remainder when 104 is divided by 17.
2
What is the remainder when 62 is divided by 42?
20
Calculate the remainder when 397 is divided by 80.
77
Calculate the remainder when 1532 is divided by 96.
92
What is the remainder when 15 is divided by 6?
3
Calculate the remainder when 844 is divided by 34.
28
What is the remainder when 48 is divided by 19?
10
Calculate the remainder when 287 is divided by 48.
47
What is the remainder when 45 is divided by 39?
6
What is the remainder when 131 is divided by 29?
15
What is the remainder when 266 is divided by 30?
26
Calculate the remainder when 1872 is divided by 348.
132
Calculate the remainder when 239 is divided by 23.
9
What is the remainder when 2931 is divided by 139?
12
Calculate the remainder when 954 is divided by 80.
74
Calculate the remainder when 2830 is divided by 59.
57
What is the remainder when 10074 is divided by 31?
30
What is the remainder when 19 is divided by 11?
8
Calculate the remainder when 283 is divided by 95.
93
What is the remainder when 273 is divided by 51?
18
Calculate the remainder when 89 is divided by 62.
27
Calculate the remainder when 75 is divided by 67.
8
Calculate the remainder when 1313 is divided by 593.
127
What is the remainder when 145 is divided by 27?
10
Calculate the remainder when 69 is divided by 40.
29
What is the remainder when 6025 is divided by 23?
22
What is the remaind